5*x - h - 35. Suppose -4 = -2*v - 4*u + x*u, 19 = 3*v + 2*u. Is q(v) a composite number?
True
Let w = 2677 + -1740. Is w prime?
True
Let b be (2 - 3)/(1/3). Let n(j) = -j - 3. Let p be n(b). Is -5*((-39)/3 + p) a composite number?
True
Let p(o) = -70*o + 1. Is p(-3) a composite number?
False
Let d(b) = 3*b**3 + 2*b**2 - 2*b + 1. Let z be d(1). Is z/6 + (-19159)/(-21) composite?
True
Let g(p) = 9*p**3 + p**2 + 4*p + 5. Is g(4) a prime number?
True
Suppose 4*i + 3*k + 2*k = -16, 2*i + 2*k = -8. Is (i/(-4))/((-2)/(-494)) a composite number?
True
Let a(u) = 2*u + 287. Is a(0) a composite number?
True
Suppose 5*q = 4*r - 6, -3*q = 5*r + 1 - 27. Let k be ((-3)/6)/(1/10). Let d = q - k. Is d a composite number?
False
Let a = 67 + 244. Is a composite?
False
Suppose 0 = 5*z - z - r + 2, 4*z + 2*r = 4. Suppose -351 = -4*q - 5*i - z*i, 3*q = -i + 266. Is q a prime number?
True
Let q be ((-44)/(-6))/(2/(-12)). Let r = q - -63. Is r a prime number?
True
Suppose -4*u + 5974 = -q, -5*u + 2*u + 4469 = 5*q. Let o = u - 880. Is o a prime number?
True
Let l(q) = 3*q**2 + q + 2. Let m be l(-2). Suppose 8*o = 46 + 34. Is m/30 - (-186)/o a prime number?
True
Suppose 0 = i - 3*i + 276. Let r = i - 56. Is r prime?
False
Let h be ((-6)/7)/(3/63). Let q be ((-2)/(-4))/((-3)/h). Is -11*(q/3)/(-1) prime?
True
Let a(m) be the second derivative of m**5/20 + 3*m**4/4 + 7*m**3/6 + 3*m**2 - m. Let o = -5 + -2. Is a(o) a composite number?
True
Let o be (-2)/(-6) + (-15)/(-9). Suppose h = -o*h. Suppose -2*k + 6 = -h. Is k a composite number?
False
Suppose -3*j - 2*j = -655. Is j composite?
False
Let g = -342 - -509. Let t = 352 - g. Is t prime?
False
Let v be 18549/21 + (-6)/21. Is 2 + (v - -2)/1 composite?
False
Suppose -48 = -f - 3*y + 8*y, 2*y = 2*f - 128. Suppose 5 = n, 21 = 2*z + 3*n - f. Is z prime?
True
Let v = 314 - -40. Suppose 4*w + 86 = v. Is w a composite number?
False
Let k(i) = i**3 - 3*i**2 - 4. Let u be k(3). Let r be -40 + (u + 1)/3. Let w = 130 + r. Is w a prime number?
True
Let r(m) = m - 5. Let d be r(10). Suppose d*y + 25 = -140. Is 3/(1/y*-3) composite?
True
Let n be (-2776)/(-18) + (-2)/9. Let j be 0/(1 - 0/(-1)). Suppose 2*c = 5*f + n, 4*f = 5*c - j*f - 385. Is c prime?
False
Suppose 3*z = -k - 3*k + 365, -2*z + 184 = 2*k. Is k prime?
True
Is 23/(2 - 21/11) prime?
False
Suppose n + 3 = 0, 3*o = -2*o + 5*n + 720. Is o a prime number?
False
Suppose 0 = -f - 4*z, 5*f + 4*z - 19 = 3*z. Let v be f/12 - 262/(-6). Suppose 0 = -2*o + v + 18. Is o composite?
False
Let y be 2*(6615/(-6))/5. Let k = -314 - y. Is k prime?
True
Let n = -131 + 189. Is n prime?
False
Let f = -13 - -18. Suppose 0 = -2*i + 1 + f, 5*j + 4*i - 67 = 0. Is j prime?
True
Let p = -17 + 12. Suppose 3 = -4*s - 37. Is (s/(-6))/(p/(-255)) a prime number?
False
Let n = -5 - -9. Suppose 4*a = -3*j + 193, 2*a - 51 = -n*j + 53. Let y = a - 13. Is y a composite number?
True
Is (101 - -8)*(-1)/(-1) composite?
False
Let p(x) = -81*x - 5. Is p(-2) a prime number?
True
Suppose -4*y = -5*d - 486, 0 = d - 0 - 2. Suppose -2*b = -378 + y. Is b composite?
False
Suppose m + 24 = -3*m. Let p(x) = x**3 + 6*x**2 + 3*x - 12. Let v be p(-5). Is (v/m)/((-5)/(-105)) prime?
True
Let b(p) = -9*p - 19. Is b(-8) a composite number?
False
Let l be 21/(0 + (-3)/51). Let d = l + 589. Is (0 - 1)/((-4)/d) composite?
True
Suppose 3*h + 0*h = 39. Is h a prime number?
True
Let o(i) = i + 4. Let t be o(-10). Is -2*(0 - (-9)/t) a composite number?
False
Let a(n) = -7*n + 5*n - n**3 - 8 - 6*n**2 + 0*n**3. Let p(q) = q**3 + 1. Let v(h) = a(h) + 3*p(h). Is v(5) prime?
False
Let t(h) = 126*h + 19. Is t(8) a composite number?
True
Let u = 6 - 3. Suppose 4*s - u*s = 391. Is s composite?
True
Let m(p) = 2*p**2 + 8 + 3*p - 7 + 3 + 11. Is m(-6) a prime number?
False
Suppose 3*o - 459 = -0*o. Let q = -26 + o. Is q a prime number?
True
Let o = 167 - 112. Is o composite?
True
Let k be (-299)/(-52) + 6/(-8). Suppose -4 = z + 2*g, k*g + 4 = 2*z - 33. Is z composite?
True
Let k be (0 + -2757)*(-2)/6. Suppose 3*z = 2*z + k. Is z composite?
False
Let g = 85 + 4. Is g prime?
True
Let p be (-12 + 0)*(-4)/12. Suppose 9 = u + 2*y, 4*y + y = p*u - 101. Is u a prime number?
True
Suppose -271 = -4*c + l, c = -0*c + 3*l + 76. Is c a composite number?
False
Let n be -1*(4 - 3 - -2). Let h(q) = -44*q - 1. Is h(n) a prime number?
True
Let s(l) = -6*l - 2. Is s(-6) a prime number?
False
Suppose -5*v = -p + 538, 3007 - 855 = 4*p - 2*v. Is p/8 - 2/8 composite?
False
Suppose 5 - 17 = -2*m. Is (-6 - m/(-2)) + 682 a composite number?
True
Let q(b) = -b**3 - b**2 - 5*b - 4. Let r(z) = z**3 - z**2 + 1. Let o be (-10)/(-55) - 18/(-22). Let d(v) = o*q(v) + 2*r(v). Is d(5) composite?
False
Let s = 779 + -432. Is s a prime number?
True
Suppose -40937 = -18*o + 5*o. Is o a prime number?
False
Let v = -4 - 3. Let g(w) = -w**2 - 3*w + 1. Let l be g(v). Let q = l - -61. Is q composite?
True
Let f be (1 + 0)*(-6)/(-3). Suppose f*p - 885 = -3*p. Is p a composite number?
True
Is 1 - -3 - 2 - -3263 prime?
False
Suppose -t = -3*z - 490, 5*t - 2*z = 2653 - 242. Is t a prime number?
False
Is 1438/1 + 8 + -7 prime?
True
Let q(x) = 41*x**2 + 2*x + 3. Is q(-2) a prime number?
True
Suppose -191 + 1463 = -3*y. Is 5/(-10)*(y - -2) prime?
True
Suppose 0*h - 2*h = -56. Suppose 5*g = 12 + h. Suppose -b = -g - 11. Is b a prime number?
True
Let h(l) = 10 - 7*l**2 + 2*l**2 - 4*l**2 - 7*l - l**3. Let x be h(-8). Suppose 5*q = 2*r + 267, -x*q = 2*r + 20 - 124. Is q a prime number?
True
Let g(a) = -3*a. Let j be g(2). Let y = j - -19. Is y prime?
True
Suppose -363 = -2*w + 553. Suppose -306 = -4*z + w. Is z a prime number?
True
Suppose -122 = -2*z - l - l, 2*l + 244 = 4*z. Let k = z - 3. Is k a composite number?
True
Let i = 8 + -17. Let v be i/(-12) + 2/8. Is (37 - 1) + v + 0 a prime number?
True
Let y = 23 - 24. Is (-3)/(y - -4)*-79 composite?
False
Suppose 75*f = 70*f + 1255. Is f a prime number?
True
Suppose 5*r + 4 = -6, -2*m + r + 200 = 0. Let s be m - -2 - (-3 - -4). Suppose -s = -5*v + 165. Is v a prime number?
True
Suppose 2*m + 569 = -2*n + 3*n, 3*n + 2*m = 1723. Is n prime?
False
Let o(z) = 38*z**2 + 3*z - 3. Let a be o(2). Let w be -5 - (-6416)/40 - 2/5. Suppose -5*y = -4*n - a, -6*y + n + w = -y. Is y composite?
False
Is 3/12 - 2870/(-8) prime?
True
Let a = -28 - -381. Is a a composite number?
False
Is 33 + 3 + -1 - 0 a composite number?
True
Let q be 10/(-2) + 3 - -2. Suppose q = 6*h - h - 1525. Is h a prime number?
False
Suppose -2*o - 4*v + 14 = 0, 0*o = -5*o + 3*v + 22. Suppose -o*d + d = -76. Is d composite?
False
Let d(n) = 267*n + 6. Let f be d(7). Is f/21 - 6/21 composite?
False
Suppose 10 = 3*u - 2*q, 4*u + 0*q + 4*q = 20. Suppose -5*g = -u*g - 15. Is g composite?
True
Suppose 20 = 5*z - 5*o, -3*z - o + 12 = -0*z. Suppose -103 - 165 = -z*g. Is g a prime number?
True
Let z(q) = q + 2. Let w be z(0). Suppose -144 = -w*m + 2*s, -5*m + 2*s = -0*s - 375. Is m a composite number?
True
Let k = 730 + -499. Suppose 0*d + d - 34 = -5*f, -4*d - f + k = 0. Is d a composite number?
False
Let a(c) = 146*c + 37. Is a(9) a prime number?
False
Let g(l) = l. Let a be g(0). Suppose 3*d - 3*p + 4*p - 1133 = a, 0 = 2*d - 3*p - 770. Is d prime?
True
Let y(p) = p**2 - 4*p - 8. Suppose 2*m - 24 = -2*m. Let u be y(m). Is 3/u + 162/8 a prime number?
False
Let z(b) = -b**2 - 6*b + 7. Let j be z(-8). Let l = j - -15. Is l prime?
False
Suppose -155 = p - 2*p. Is p a prime number?
False
Suppose 0 = -m + 4*x + 460 + 73, 5*m + 3*x - 2711 = 0. Is m composite?
False
Let z(d) = -2*d - 4. Let m be z(-6). Suppose m*r - 22 = 7*r. Is r a composite number?
True
Suppose 937 = 2*h - 461. Is h a composite number?
True
Suppose -3*s - 30 = -5*z, -2*z + 5 = 3*z + 2*s. Suppose -q = -3*b + 807, -z*b = 2*b + q - 1337. Suppose -w - b = -5*w. Is w a prime number?
True
Let z = 0 + -3. Is (-1)/z - 110/(-3) a composite number?
False
Is ((-282)/8)/((-7)/28) a prime number?
False
Let j(k) = 10*k - 13. Suppose -3*l + 8*l = 0. Suppose 4*c - 3*c - 9 = l. Is j(c) a composite number?
True
Let v(l) be the third derivative of l**5/60 + l**4/12 - 5*l**3/3 + 3*l**2. Is v(11) a prime number?
False
Let n(c) = c - 1. Is n(4) prime?
True
Suppose 0*f - 5*w + 355 = 5*f, 0 = 2*w. Suppose 5*p = -859 - f. Let o = 73 - p. Is o prime?
False
Supp